+ a*b = -20. What is the greatest common factor of b and 35?
5
Suppose v + 8 = 2*t, -8 + 2 = t + 2*v. Suppose 0 = -3*d - g + 127, t*d - 6*d + 151 = 5*g. Calculate the greatest common factor of d and 154.
22
Let c be (-1 - 0)/(1/(-42)). Calculate the highest common factor of 26 and c.
2
Suppose 22*c + 3396 - 7356 = 0. Calculate the greatest common factor of c and 255.
15
Suppose -5*l = -v + 45, -v = -2*l + 13 - 73. Suppose 3*g - 28 + 66 = -85. Let s = v + g. Calculate the highest common divisor of 58 and s.
29
Suppose 30*k = 137*k - 52965. What is the greatest common factor of 270 and k?
45
Suppose -3*t = -2*p + 10, 3*t + 4*p = -31 - 3. Let j(w) = -2*w**3 - 11*w**2 - 7*w + 14. Let f be j(t). What is the highest common factor of f and 69?
23
Let w(a) = 11*a + 10. Let l be w(-1). Let r be 90/70 + l + 138/7. What is the greatest common divisor of 16 and r?
4
Suppose 2*t = -329*a + 333*a + 356, -5*t = 4*a - 932. What is the highest common factor of 152 and t?
8
Suppose 3*m + 778 = m. Let o = -83 - m. Calculate the highest common divisor of o and 36.
18
Suppose -3*y + 151 = -2*f - 89, y - 63 = -5*f. Let s = -41 + y. Let l = s + -26. Calculate the highest common divisor of 77 and l.
11
Let u = 81 + -41. Let s = 791401 + -791305. Calculate the greatest common divisor of s and u.
8
Let s be (-87)/15 - 6/30. Let m(t) = 8 + 9 + t + 3. Let p be m(s). Calculate the greatest common factor of 2 and p.
2
Let n be (-46)/(-6) - 4/6. Let v(j) = j**2 + 33*j + 190. Let w be v(-7). Suppose -187 = w*h - 635. What is the greatest common factor of n and h?
7
Let z(y) = -y - 1. Let g be z(-3). Suppose g*s = s + 35. Suppose -5*i = -5*x + 75, -5*i - 47 = -x - 2*x. Calculate the greatest common divisor of s and x.
7
Let s be (93 + 591)*(1 + 3). Suppose -75*y + s = -57*y. What is the greatest common factor of 8 and y?
8
Suppose 5 = 2*t + 31. Let v(q) = -q**2 - 14*q + 51. Let j be v(t). Calculate the highest common divisor of j and 112.
16
Suppose 5*s = 4*w - 2077, w - 3*s - 19 = 509. Suppose -2*j + 90 = 468*r - 472*r, -5*r - 180 = -5*j. Calculate the greatest common divisor of w and j.
27
Let r be (2 - 1)*9 + (-105)/(-21). Suppose 0 = -0*v - 2*v + 6. Suppose v*s - b = 85, -2*s + 4*b + 60 = -0*s. Calculate the greatest common factor of s and r.
14
Let s(l) = 2*l**2 - 36*l + 22. Let a be s(17). Let x be a/((-21)/(-7)) - -36. Let o be (8/6)/(1/3). Calculate the highest common divisor of x and o.
4
Let y be (90/21)/((-26)/(-182)). Let l(a) = -2*a + 108. Let w be l(y). Calculate the greatest common divisor of w and 240.
48
Let y = 89 + -84. Let l(p) = y + 12*p - 4*p - 9*p. Let f be l(-6). What is the greatest common divisor of f and 121?
11
Let q(r) be the first derivative of -r**4/4 + 4*r**3 + 3*r**2/2 - 12*r - 73. Let w be q(12). Calculate the greatest common factor of w and 32.
8
Let b = 3 - -6. Let u = -103269 - -103377. What is the highest common divisor of b and u?
9
Let x(i) = -i**3 - i**2 + i + 8. Let b be x(0). Suppose -2*k + y = -9, -3*y - 1 - 8 = 3*k. Suppose -2 = k*v - 4. What is the highest common factor of b and v?
1
Suppose -7*s + 3*s - 5*v + 3259 = 0, 0 = 5*s - 2*v - 4082. Suppose -3*x + s = 48. What is the highest common divisor of 16 and x?
16
Suppose -4*m + 4*q - 5*q = -13, -3*m = q - 11. Suppose -4*v + 170 = -m*h, 0 = 2*v + 19*h - 15*h - 110. Calculate the greatest common divisor of v and 105.
15
Suppose -30*y = -6*y - 1056. Suppose -2*h + y = -3*t, -t + 40 + 36 = 5*h. What is the greatest common divisor of h and 3?
1
Let y be 1*-18*(406/(-4) - -41). Calculate the greatest common divisor of y and 561.
33
Let v be 580/28 + (-1 - 18/(-14)). Let z be v + -13 + 3*3/(-3). What is the highest common divisor of 65 and z?
5
Suppose 5*f - 3*s = 21, -f + 9*s + 12 = 11*s. Let h be 6 + 534 + f + 4. Calculate the greatest common factor of 50 and h.
50
Suppose 3*o - 3*n = -n + 57, -19 = -2*o - 5*n. What is the highest common divisor of o and 901?
17
Let b = -8313 + 9545. What is the highest common divisor of 231 and b?
77
Let p = 60 + -35. Let v(x) = 2*x - 45. Let j be v(p). Suppose -j*r + 130 = -5*n, n - 2 = -n. Calculate the highest common factor of r and 243.
27
Suppose -56*z + 375394 - 88182 = 62*z. Calculate the highest common divisor of 2 and z.
2
Suppose -4*v = 5*b - 82, 2*v = 11*v - 3*b - 156. What is the highest common factor of v and 768?
6
Let x(h) = -h**3 + 12*h**2 + 13*h + 1. Let p be x(13). Suppose 2*c = 4*i - 128, -32 = -i - 3*c + 7*c. What is the greatest common divisor of p and i?
1
Suppose -3*h = -5*l - 55, -45 = -2*h + l - 6*l. Suppose 1 = z + 3*o - 30, 2*z = -5*o + 60. What is the highest common factor of z and h?
5
Let s = 9390 - 9364. What is the greatest common factor of s and 13?
13
Suppose -2 = r + 2*z, 6*z - 7*z - 16 = 3*r. Suppose 50 = 2*t + n, 2*n - 4*n = -2*t + 62. Let c = r + t. Calculate the highest common divisor of c and 7.
7
Let b be (160/30)/(2 - (-87)/(-45)). Let q be (4 - 74/8)/(6/(-16)). Suppose 0 = q*v + 93 - 541. Calculate the highest common factor of b and v.
16
Let q(b) = 2725*b**2 - 119*b - 118. Let p be q(-1). Calculate the greatest common factor of 348 and p.
58
Let u(w) = 21*w - 187. Let l be u(9). Suppose 0 = -4*j - 8, l*j + 195 = 3*d - j. Calculate the greatest common divisor of d and 63.
63
Suppose 20*w + 630 = 14*w. Let b = -103 - w. Calculate the highest common divisor of b and 13.
1
Suppose k + 366 = 4*t - t, 610 = 5*t - 4*k. Suppose 6*v + t = 434. Let j be (4/(-6))/((-4)/78). Calculate the highest common factor of j and v.
13
Let f = -52 - -140. Suppose -133 + f = -z. Calculate the greatest common factor of 63 and z.
9
Suppose -l + 13*l = -0*l. Suppose l = -20*f + 14*f + 858. Let o = -24 + 37. Calculate the greatest common divisor of o and f.
13
Suppose 60*a + 22826 = 147326. Calculate the greatest common divisor of 1411 and a.
83
Let h = 28 + -23. Suppose 0 = -m + 3*i - 19, 3*m - 2*i + h*i = -45. Let c = m + 44. Calculate the highest common factor of 7 and c.
7
Suppose -l + 3*s + 48 = -74, -226 = -2*l + 3*s. What is the highest common factor of 9256 and l?
104
Suppose c - 33 = 32. Let i be 39*(-20)/(-1430) + 852/11. Calculate the highest common divisor of i and c.
13
Suppose -2*v + 178 + 522 = 0. Suppose -59*h = -57*h - v. Calculate the highest common divisor of h and 14.
7
Suppose -152 = -55774*s + 55772*s. Calculate the highest common factor of s and 133.
19
Let u(v) = v**3 + 2*v**2 + 5*v - 13. Let x be u(-5). Let z = 116 + x. Let m be (-860)/(-15) - z - (-1)/(-3). What is the highest common factor of m and 18?
18
Suppose 5*u = 2*a - 122, 14*a + u - 166 = 11*a. Suppose 4*p = 5*g - 137, -7*g + 6*g = -3*p - 34. Let r = g + -1. Calculate the highest common factor of r and a.
8
Suppose -96 = -4*x - 2*c, -3*c - 98 = -5*x - 0*x. Let m(q) = -q**3 - 38*q**2 + 64*q - 486. Let u be m(-40). What is the highest common divisor of x and u?
22
Let a be 2142/144 + ((-114)/(-144) - 4/6). What is the greatest common factor of a and 8985?
15
Let l(p) = p**3 - 28*p**2 - 2*p + 62. Let z be l(28). Let r be (12/(-10))/((-3)/15). Let h = r + 4. What is the greatest common divisor of h and z?
2
Let u be 1173/6 + (-540)/(-120). Calculate the highest common divisor of u and 4775.
25
Let a be (6/(-5))/((-58)/580). What is the highest common factor of 6378 and a?
6
Let x = 1339 + -1315. Suppose -2*o - o - 918 = -h, -3*h + 1526 = -5*o. Let r = o - -523. What is the highest common divisor of r and x?
24
Let g(y) = 2*y**2 - 7*y**2 + 25*y - 6*y + 0*y**2. Let a be g(5). Let d = 5 - a. Calculate the highest common factor of 14 and d.
7
Let z(w) = -w**3 - 3*w**2 + 26*w + 116. Let p be z(-5). What is the highest common divisor of p and 1044?
36
Let n = -83 + 87. Suppose 3*u = 6, 2*o + 4*u - 19 = 317. What is the highest common divisor of o and n?
4
Let j(z) = -2*z**2 - 13*z + 15. Let f be j(-6). Let a(o) = 6*o**2 - 125*o - 20. Let m be a(f). Calculate the greatest common factor of 45 and m.
1
Let l = 777 + -185. Suppose -2*w = 2*d - 154, -5*w + 131 = -d - 236. Calculate the highest common factor of w and l.
74
Suppose -5*x = -13 - 212. Suppose -5*f + 9 + 59 = 4*o, -3*o - 3*f + 54 = 0. Let u = o - 4. What is the highest common factor of x and u?
9
Suppose 3*i - 21324 = -3*o, -255*i = o - 257*i - 7117. What is the highest common divisor of 13 and o?
